What is the tens digit of x?
5
Let u be (-7)/(-3)*(-6)/8*-44. Let m = u - 74. Suppose 0 = -m*y - 2*y, 4*g - 2*y - 368 = 0. What is the tens digit of g?
9
Suppose -6*l = -3*l - 6. Let c = 15 - l. Suppose 4*n - 11 = c. What is the units digit of n?
6
Let j = 67 - 54. Suppose -z - d + j = -6*z, 2*z = 5*d - 19. What is the units digit of 1*(92/(-10))/(z/10)?
6
Let j = -186 - -191. Suppose 0 = -j*l + 4*q + 870, l + 514 = 4*l - 4*q. What is the units digit of l?
8
What is the thousands digit of (-10929100)/(-400) - (-1)/4?
7
Let m be 0 - 32/24 - (-14)/(-3). What is the units digit of (4984/70)/(m/(-15))?
8
Let y = -71 - -38. Let p = 6 + -23. Let a = p - y. What is the units digit of a?
6
Suppose 5*m = -2*g + 35552, 21300 = 3*m + 88*g - 92*g. What is the thousands digit of m?
7
Let q(m) = 56*m**2 + 11338. What is the units digit of q(0)?
8
Suppose -4*p = -3*x - 22, 3*p - 2*p + x = 2. Let a be p/(-26) + 134/26. Suppose -i - 2*h + 43 = -7*h, 101 = 2*i + a*h. What is the tens digit of i?
4
Suppose -9 = -3*f - m + 4*m, m - 13 = -3*f. Suppose 4*y + 3616 = f*k, -5*y + 1235 = k + 325. What is the hundreds digit of k?
9
Suppose -508*c - 80047 = -519*c. What is the tens digit of c?
7
Let f(r) = -r**3 - 4*r**2 - 4*r - 2. Let t be f(4). Suppose 0 = 210*p - 209*p - 215. Let w = p + t. What is the tens digit of w?
6
Let l(i) = 886*i**3 - 2*i**2 + 2*i - 1. Let z = 119 - 118. Let g be l(z). Suppose -147 = -h + 4*c + 87, 0 = 4*h + c - g. What is the hundreds digit of h?
2
Suppose -31701 = -2*j - 3*t, 4*j - 22*t - 63437 = -23*t. What is the ten thousands digit of j?
1
Suppose 0 = 5*y + 7*v - 3*v - 52420, -2*y + 4*v = -20968. What is the hundreds digit of y?
4
Let t(b) = -b**2 + 10*b + 33. Let c be t(-4). What is the thousands digit of (1 - 38684/c) + 30/345?
1
Let k = -37509 + 65334. What is the ten thousands digit of k?
2
Suppose 0 = 34*k - 183124 + 16184. What is the hundreds digit of k?
9
Suppose -3*j + j + 1758 + 2906 = 0. What is the tens digit of j?
3
What is the units digit of -3*(7552 + 11)*-2?
8
Suppose 0 = 2*a - 3*c - 13, 2*a + 16 = 6*a + 4*c. Suppose 284 = 2*b + 4*f, -b = -2*f + a*f - 141. Suppose -3*w = -0*w - b. What is the tens digit of w?
4
Suppose -166*i + 316*i - 2370900 = 0. What is the hundreds digit of i?
8
Let b = 357 - 360. What is the units digit of (-1)/(b - -10) - 15300/(-35)?
7
Suppose -y = 15*m - 12*m - 10604, 4*m = 4*y - 42464. What is the units digit of y?
3
Let t = 7783 + -6920. What is the tens digit of t?
6
What is the units digit of 4 + -1 - ((-42)/(-6) + (-382983)/19)?
3
Let a(y) = 8*y**2 - 8*y + 6. Let g be a(3). Let l = -46 + g. What is the units digit of 2*4/l + 92?
3
Let y be (-7 + -5)/3 + 18. Suppose -25*t + 19151 = -y*t. What is the tens digit of t?
4
Suppose 7*d - 3293 = 11099. Suppose 0 = 15*z - 3539 - d. What is the hundreds digit of z?
3
Let k = 468 - 445. Suppose 6036 - 1781 = k*s. What is the tens digit of s?
8
Let m(p) = 84*p**2 - 129*p - 177. What is the ten thousands digit of m(16)?
1
Let n = 37 + -44. What is the hundreds digit of n/((-84)/3204) + 1*5?
2
What is the thousands digit of 12 - (-1180705)/161 - (-8)/(-14)?
7
Suppose a = -3*a + h + 175, 3*a - 160 = -5*h. Let k(g) = a - 14*g + 100 + 6*g. What is the units digit of k(0)?
5
Let p(s) = 5*s**2 - 2*s + 3. Let f be p(1). Let m = 8 - f. Suppose -6*a + m*a = -224. What is the units digit of a?
6
Let d(u) = u**2 + 30*u + 27. Let l be d(-32). Suppose -2*p = -3*h - 378, -3*p - h + 962 = 2*p. Let w = p - l. What is the tens digit of w?
0
What is the units digit of -28*13/((-572)/75966)?
2
Suppose 88*u - 93*u = v - 31, -3*u - 9 = -4*v. Suppose 2*i = -n + 764, 6*n - v = 9*n. What is the units digit of i?
3
Let o(u) = 29*u - 298. Let f(z) = 11*z**2 + 5*z + 9. Let y be f(-2). What is the units digit of o(y)?
9
Suppose 2*s - 36929 - 16903 = -5*l, -26915 = -s - 3*l. What is the tens digit of s?
2
Suppose 6*u = 11*u - g - 25343, -20268 = -4*u + 4*g. What is the tens digit of u?
6
Let g(h) = h**3 + 5*h**2 + 6*h + 6. Let v be g(-4). Let l be (v + 308/(-6))*(-72)/(-32). What is the units digit of l/14*(-9 - 5)?
0
Let u = 25 - 23. Let h be (1/u)/(2*2/(-8)). What is the tens digit of ((-1 - h) + 19)*(-1)/(-1)?
1
Let z be (-111)/(-9) + (-2)/(-3). Suppose 0 = -15*q + 33*q - 1656. Let d = q - z. What is the units digit of d?
9
Suppose -130 = -4*q - 86. Suppose -9*n = q*n - 7040. What is the hundreds digit of n?
3
What is the units digit of (404/(-44) - (-25 - -16)) + 91678/22?
7
Suppose -5*j = -3*x - 44877, -176*x - 3 = -179*x. What is the hundreds digit of j?
9
Let v = -5 + 13. Suppose 6*b - 2*b = v. Suppose -4*y + 267 = j, -3*j + 273 = b*y + 2*y. What is the units digit of y?
6
Let d(k) = 236*k - 15. Let p(o) = -o**2 + 16*o - 61. Let q be p(8). What is the hundreds digit of d(q)?
6
Suppose -3*w + u = 3*u - 1624, -3*u = -5*w + 2732. Suppose -w = -n + 369. Suppose n = 9*z - 356. What is the hundreds digit of z?
1
Let k be 12/(-10)*(-2540)/(-6). Let b = k - -717. What is the tens digit of b?
0
What is the ten thousands digit of (284/(-71) - -2*1)/(2/(-11193))?
1
Suppose -2*n - 3*c = c + 14, -3 = 3*n - 3*c. Let i be (-4)/(n/3)*(-75)/(-20). What is the units digit of (-566)/(-10) + i/(-25) + -3?
3
Suppose -2*s + 7*s = 140. Suppose -10 = 6*o - s. Suppose -3*c + 92 = -f - 314, o*c - 431 = -4*f. What is the hundreds digit of c?
1
Let b = 26029 + -5139. What is the hundreds digit of b?
8
Let c(s) = 22*s**2 - 22. Suppose -3*p = -5*h + p - 35, -3*p - 7 = h. Let r be c(h). Suppose 11*k - r = -k. What is the units digit of k?
8
Suppose 3*b - 95683 = 5*s, 0 = -16*s + 32*s + 128. What is the tens digit of b?
8
Suppose -2*y + 7*y + 21*y - 303316 = 0. What is the ten thousands digit of y?
1
Let z(y) = 6*y**2 - 4*y + 7. Let b be z(7). Suppose -5*l + b = 108. What is the units digit of l?
3
Suppose 0 = 12*q - 10*q - 8810. Suppose 18*r = q + 17987. What is the thousands digit of r?
1
Suppose -7*d = 15 - 36. Suppose d*w = z + 1529, 4*w - 1014 = 2*w - 2*z. What is the hundreds digit of w?
5
Let v(d) = -d**3 + 16*d**2 + 2*d + 24. Suppose -5*n = -14*n + 63. What is the units digit of v(n)?
9
Suppose -7*o + 27 = -4*o. Suppose -5*l = -9*l + 408. Suppose -l = o*q - 11*q. What is the units digit of q?
1
Let q be -2 - 5/((-5)/7). Suppose -90 - 145 = q*n. Let d = 98 + n. What is the tens digit of d?
5
Let g(q) = -2*q**3 - 6*q**2 + 22*q + 3. Let h be g(-5). Let p(v) = -202*v - 34. What is the tens digit of p(h)?
8
Suppose 5*h + 8 + 26 = -2*r, 3*h + 4*r = -12. Let u(g) = -68*g + 49. Let d(v) = -51*v + 35. Let q(k) = 19*d(k) - 14*u(k). What is the tens digit of q(h)?
1
Let j(c) = -c + 1. Let m(o) = 3*o - 5. Let g(r) = 10*j(r) + 2*m(r). Let p be g(-1). What is the units digit of p/6 + -3*356/(-18)?
0
Suppose -2*h - 13852 = -q, 4*q - 31601 - 23762 = -h. What is the ten thousands digit of q?
1
Suppose -231*f + 1377960 - 4438829 = -274*f. What is the units digit of f?
3
Let q = -23082 - -43748. What is the ten thousands digit of q?
2
Let o = 52 - 52. Suppose o - 1 = -m. What is the tens digit of (-4)/((-64)/(-68) - m)?
6
Suppose 4*y - 9*y = -2*y. Suppose 0 = 2*a - y*a - 478. Suppose 2*z = 4*o - 936, -4*o + a + 683 = 5*z. What is the tens digit of o?
3
What is the thousands digit of (-18268)/(-78)*9 + 0 + 4/26?
2
Let o(r) = -23*r**2 - 166*r - 31. Let x be o(-7). Suppose 3*w - 7*w = -2468. Suppose x*g + z - w = 0, 2*g + z - 6*z = 281. What is the units digit of g?
3
Let x(s) = 2*s + 10. Let o = -60 + 53. Let g be x(o). What is the tens digit of (g*198/(-120))/((-1)/(-10))?
6
Let m be (-62)/8 + (-1)/4. Let t(v) = 6*v + 53. Let i be t(m). Suppose 150 + 845 = i*r. What is the units digit of r?
9
Let y(v) = 116*v - 525. Let w be y(5). Suppose -5*k + 2434 = 999. Suppose -w + k = u. What is the units digit of u?
2
Suppose 0 = 3*w + 3*h - 18, 2*w + 2*w - 5*h + 12 = 0. Let v be ((-6)/(-7))/(-24*16/(-1792)). Suppose -v*m = -w*m - 200. What is the hundreds digit of m?
1
Let t(j) = 14 + 119 + 83 - j. What is the units digit of t(0)?
6
Let h = -33700 - -49245. What is the ten thousands digit of h?
1
Suppose -a = 3*f + 2, -4*a + 3*a = 5*f + 8. Let g be 2288448/9042 - (-12)/(-11). Suppose 0 = 4*v - a*v + g. What is the units digit of v?
4
What is the hundreds digit of (-118*23/(-4))/(58/1276)?
9
Let i(y) = -85*y + 121. Let o be i